 be (10/(-4))/((0 + -1)/2). Is (-7010)/(-8) - -6*t/40 composite?
False
Suppose -12*k + 6*k = -40422. Is k composite?
False
Let v be (0/(-3))/(2*(-3)/(-2)). Suppose 2*l + h - 2171 = v, 0 = -3*l - 2*h - 2*h + 3249. Is l prime?
True
Suppose -4*f + 24 = -3*f. Is (-1)/(-3) - (-496)/f prime?
False
Suppose 0 = -2*b + 3*m + 23, -3*b + 4*m + 40 = 2*b. Suppose -y - 2*g + 17 = 0, b*y + y - 5*g - 115 = 0. Is 3/2*1778/y prime?
True
Suppose v = -4*n - 42, -3*n + 5*n = -2*v - 60. Let r = -28 - v. Is r/((-8)/46)*10 a composite number?
True
Let t(b) = 359*b + 52. Let a(i) = 4*i - 35. Let z be a(10). Is t(z) a composite number?
False
Suppose 5*z = 4*d - 6073, d - 5*z = 548 + 959. Let l = 4541 - d. Is l prime?
True
Suppose 0 = -20*c + 4*c + 316816. Is c a composite number?
False
Let j(h) = -38898*h + 37. Is j(-3) a prime number?
True
Let p(o) = -o**3 + 15*o**2 - 30*o + 26. Let u be p(12). Is (7 - 17)*(1 + u/(-4)) a prime number?
False
Let p(d) = 20*d + 15. Let q be p(7). Let u = 176 + q. Is u a prime number?
True
Let f(a) = 384*a - 10. Let s be f(11). Let z = s - 2947. Is z a prime number?
False
Let q = -2 - 0. Let f be 1/q - 15/(-6). Suppose 0*m + f*m = 734. Is m a prime number?
True
Let s be ((-4)/(-2) - 10)/2. Let t be (s - -59 - -2)*1. Suppose -t = -3*w + 576. Is w a composite number?
False
Suppose -7 = o + r, 2*o + 4*r = -9 - 7. Let i(a) = 22*a**2 + 21*a + 11. Is i(o) composite?
False
Suppose 2*x - 4*q + 271 + 111 = 0, 3*x = -3*q - 564. Let f(k) = 5*k**2 + 6*k - 9. Let b be f(7). Let g = x + b. Is g prime?
True
Let h(x) = -533*x**3 - x**2. Let w be h(-1). Let p = -85 - -92. Suppose w = -3*l + p*l. Is l a composite number?
True
Suppose 2 = 6*r - 7*r. Is 2875/5 + (r - 2) prime?
True
Suppose 10*k - 279419 + 11829 = 0. Is k composite?
False
Let z = 4467 - 2445. Suppose 0 = -2*k + 5*k - z. Is k composite?
True
Let m(f) = -4*f**2 + f + 7. Let w be m(-3). Let h = 155 - w. Is h composite?
True
Let g(p) = -237*p + 95. Is g(-12) composite?
False
Let g = -3104 - -5571. Is g prime?
True
Suppose 3*r + 68*y - 70*y - 12014 = 0, r + y = 4008. Is r a prime number?
False
Suppose 0 = -1392*n + 1381*n + 239789. Is n prime?
True
Let a = 433 - 24. Is a a prime number?
True
Let l be 2 + -2 - (7 + -11). Let q(r) be the third derivative of r**5/2 + 7*r**4/24 - 5*r**3/6 - r**2. Is q(l) composite?
False
Suppose -f + 5*d = -5*f + 25, -3*f - 3*d = -18. Suppose f*z - 1792 = -4*w + z, 2*z = 3*w - 1359. Is w a prime number?
False
Let z(w) be the third derivative of 35*w**4/24 - w**3/2 + 4*w**2. Let i be z(13). Let r = -261 + i. Is r composite?
False
Let z = 36 - 32. Suppose z*c - 1450 = -414. Is c composite?
True
Suppose -2076 = -5*h - 91. Suppose 5*i - 36 = 1134. Let j = h - i. Is j composite?
False
Let x(b) = 3*b**3 - 3*b**2 + 2*b + 3. Let m be x(3). Suppose 0 = -3*n + m + 726. Is n a composite number?
False
Suppose 0*q - 4*q = -12. Let t be 10/15 + 1348/q. Suppose 2*f = -28 + t. Is f composite?
False
Suppose -2 - 7 = -3*p. Suppose -p*x = 2*x - 4385. Is x a prime number?
True
Let k(s) = -s - 3. Let f be k(2). Let o(r) = -354*r + 7. Is o(f) composite?
False
Let n be (16/(-10))/((-2)/20). Suppose 131 = 5*l + n. Let u = l + -10. Is u a prime number?
True
Let q = 115 - -304. Is q a composite number?
False
Suppose 7*o = 4*o + 2877. Is o composite?
True
Suppose 3*k - 23 = 4*y, -25 = 3*k - 4*k - 3*y. Let t = k + -17. Is t/(-14) - (-4257)/21 a prime number?
False
Suppose -3428 = -2*y + 2126. Is y composite?
False
Let q(a) = 6*a - 3*a - 4*a + a**2 + 13. Is q(-11) a prime number?
False
Suppose -3 = -l + 1. Let h(x) = -24*x**2 + 26*x + 34. Let y(o) = 5*o**2 - 5*o - 7. Let f(z) = 2*h(z) + 11*y(z). Is f(l) a composite number?
True
Let h be 36 - ((-2)/4 - (-1)/(-2)). Let s = 142 + h. Is s prime?
True
Let h(r) = 1661*r**2 + 8*r + 1. Is h(-4) prime?
False
Suppose -4*z - 1 + 53 = 0. Let i be 0 - 3 - (z - -1129). Is 2/(-12) + i/(-30) a composite number?
True
Suppose 0 = p + 4*q - 2, -3*p - 2*p + 10 = q. Suppose p*o = 5*o - 639. Let j = -102 + o. Is j prime?
False
Suppose r + 0*r = 5*j, -5*r + 4*j - 21 = 0. Is (r - 1)*-53 - -1 a composite number?
True
Let m(w) = 788*w**2 + 11*w + 10. Is m(-3) a composite number?
False
Let k(m) = 297*m**3 + 4*m - 3. Let r be k(2). Suppose v - 5*i - 783 = 0, 3*v + i = -0*v + r. Is v prime?
False
Suppose 0 = -8*n + 61905 + 32359. Is n a composite number?
False
Let w = -2428 - -4057. Let t = w + -484. Is t a prime number?
False
Suppose 4*q = -0*k + 5*k + 83, -4*k + 39 = 3*q. Let w be (-8)/(-68) - (-933)/q. Suppose -2*m - 4*l = -5*m + 189, -w = -m + 4*l. Is m composite?
False
Let w = 63 - -502. Is w composite?
True
Let t be 1*(-295)/(-5)*1. Suppose 4*g = 33 + t. Suppose g = -2*h + 129. Is h a composite number?
False
Suppose -17041 = -2*z - 9*j + 4*j, -4*z + j + 34049 = 0. Is z a composite number?
False
Let p(q) = 10*q**2 + 8*q + 7. Is p(-6) a prime number?
False
Suppose 3*p - 14 = -5. Suppose p*v + 286 = 5*v. Is v composite?
True
Suppose -5*a + 20 = 0, 4*i = -2*a - 1 + 77. Let r = -3 - i. Is ((-87)/12)/(1/r) a composite number?
True
Suppose 0 = -16*l + 11*l - 555. Let d = l - -15. Let m = d + 251. Is m composite?
True
Let g(s) = -s**3 + 5*s**2 - s + 10. Let t be g(5). Suppose 0 = 4*l - t*a - 853, 1079 = 5*l + a - 3*a. Is l prime?
False
Let f be (-24 - 0/(-4)) + -1. Let o = f - -30. Suppose -1922 = -4*b - 0*s - 3*s, 0 = -5*b - o*s + 2405. Is b prime?
True
Let n = 5744 + -525. Is n prime?
False
Let y = 11093 - 6546. Is y a prime number?
True
Suppose 3*h - 2*s - 36149 = 0, 3*h - 53776 = -2*s - 17643. Is h prime?
False
Suppose -4*q + 25 = -11. Is -4 + 285/(q - 4) a prime number?
True
Suppose 1433077 = 9*t - 358868. Is t a composite number?
True
Let g = 10985 - 5362. Is g a prime number?
True
Let i = 8399 + -5896. Is i a prime number?
True
Is (((-8)/10)/((-62)/(-959915)))/(-2) a prime number?
False
Suppose 6*d - 8*d + 14004 = -2*r, -2*d - 5*r = -13969. Is d a prime number?
True
Suppose -1231497 = -61*c - 162716. Is c composite?
True
Suppose -2*r = 3*m - 1630, -3*m - 550 = -4*m - 2*r. Let q = -383 + m. Is q composite?
False
Let l(o) = -78*o + 11. Let i(m) = -233*m + 32. Let d(y) = 2*i(y) - 7*l(y). Suppose 64 = 39*q - 23*q. Is d(q) a prime number?
True
Suppose 28167 = 15*h - 6738. Is h a composite number?
True
Let r(a) = -4*a**2 + 5*a**2 + 10*a**3 + 3 + 34*a**3 + 3*a. Let f be r(-2). Let q = -14 - f. Is q prime?
True
Let z(h) = -3*h**2 + 4*h**2 + 3*h**3 - 2*h + 1 + 11. Let q be z(8). Suppose 0 = -4*i + q + 176. Is i composite?
False
Let r = -1864 - -3057. Is r a prime number?
True
Let w(u) be the second derivative of u**5/20 - 13*u**4/12 + u**3 + 27*u**2/2 - 5*u - 3. Is w(14) a composite number?
False
Let o(c) = -2 + 6*c + 2 - 5. Let r(g) = -31*g + 24. Let i(l) = 11*o(l) + 2*r(l). Is i(15) prime?
True
Let k(s) = 10719*s + 29. Is k(2) a prime number?
True
Let x be (-10)/35 - 16/(-7). Suppose -x*k = -w - 980 - 187, -3*w = -3*k + 1743. Suppose k = 4*j - 2*j. Is j a composite number?
False
Suppose 24*n - 28*n - 28 = 0. Let q(t) = 3*t**2 - 6*t + 14. Is q(n) prime?
False
Let s = -23157 - -48103. Is s a composite number?
True
Let f = -9644 + 16639. Is f a composite number?
True
Suppose -6*j + 7*j = 812. Suppose j + 240 = 4*i. Is i composite?
False
Suppose 55215 + 35489 = 16*z. Is z a composite number?
False
Let o(j) be the first derivative of 317*j - 1/2*j**2 + 1/3*j**3 - 8. Is o(0) prime?
True
Suppose -c - 4*n = 4*c - 4, 3*c - 8 = -n. Suppose -c*j - 917 = -5*y + 2*y, -4*j = -2*y + 610. Is y composite?
False
Suppose 336*d - 147983 = 325*d. Is d composite?
True
Let h = 240 + -125. Is h composite?
True
Let l(u) = u**2 + u - 1. Let r be l(0). Let g(t) = 4*t**2. Let z be g(r). Suppose 0 = -3*p + 6*p, 0 = -z*a + 2*p + 1852. Is a composite?
False
Suppose -5950 + 47658 = 2*d. Is d a composite number?
True
Let j(l) = -l**2 + 10*l + 13. Let w be j(11). Suppose -w*k = k. Suppose -2*y + 4*y - 1574 = k. Is y prime?
True
Let j = 20391 - -71506. Is j composite?
True
Suppose 69 = 7*b - 29. Let d be 0 - -608 - 3/(-3). Suppose 609 = 5*g - 3*t, 5*g + 4*t - d - b = 0. Is g a composite number?
True
Let h be (-90)/(-8) + 30/40. Let b(v) = 105*v + 33. Is b(h) prime?
False
Let v be (-1)/(-2)*(0 + 54). Let a(m) = 38 - v - m + 3*m - 6*m + 4*m**2. Is a(5) a composite number?
True
Let v(a) = 8*a + 2. Let w be v(